t i be (8/1 - f) + 2. Calculate the greatest common factor of i and v.
3
Suppose 0 = -6*t + t + 25, -2*r + 41 = -3*t. Suppose -w - 64 = -5*w. Suppose 4*c = -0*c + w. What is the greatest common factor of c and r?
4
Let q be -1 + 0 - (-6)/(-3). Let z = 6 + q. Suppose -8 = -w - z*w. What is the greatest common factor of 18 and w?
2
Suppose 11*g = 38 + 94. Suppose -d + 0*d + 2*i = -22, 0 = 5*d - 4*i - 134. Calculate the greatest common factor of g and d.
6
Suppose -v + r - 55 = -2*r, 3*v + 3*r = -117. Let q = 13 - v. Calculate the greatest common factor of q and 8.
8
Let v = 198 - 3. What is the highest common factor of v and 78?
39
Suppose 3*l + 6 = -0*l. Let c = l + 4. Suppose 3*i = 5*i - 28. What is the greatest common factor of c and i?
2
Suppose 5*u - 1927 = -167. Suppose 3*s = u - 142. Calculate the highest common divisor of s and 28.
14
Let a(y) = -y**2 - 7*y - 2. Let b be (72/(-21))/(4/(-28)). Suppose 3*p + b = -3*o, 2*o = -2 - 4. Let z be a(p). Calculate the highest common divisor of 4 and z.
4
Suppose 4*p - 5 = 15. Suppose 6 - p = r. What is the highest common factor of r and 4?
1
Suppose -c + 2*n + 1 = 3*n, 5*c + 2 = 2*n. Let q = 21 + c. What is the greatest common divisor of 21 and q?
21
Let l(x) = 10*x + 2. Let p be l(5). Let w = -23 + 101. Calculate the greatest common divisor of w and p.
26
Suppose -i + 312 = 12*i. Calculate the greatest common factor of 48 and i.
24
Let n(b) = 34*b**2 + 2*b + 3. Let t be n(-2). Calculate the highest common divisor of 27 and t.
27
Suppose 10*h - 18*h = -128. Calculate the highest common factor of 8 and h.
8
Let p(u) = u**3 + 6*u**2 + 5*u - 2. Let k be p(-5). Let q(i) = -18*i - 1. Let g be q(k). Calculate the greatest common divisor of 14 and g.
7
Let x be 3/18 - (-6040)/48. What is the highest common factor of 28 and x?
14
Suppose -g - 13 = -2*j, 0*j + 4*j - g - 31 = 0. What is the highest common divisor of j and 9?
9
Let m = 65 + -29. Suppose -2*b - b = -m. Suppose 0 = t - 1, o + o - 97 = -t. Calculate the greatest common divisor of o and b.
12
Suppose -2*r - 32 = 2*r. Let t = r + 15. Calculate the highest common factor of t and 56.
7
Let y be (2 - 3)/((-1)/6). Suppose -y*q + 84 = 12. What is the highest common divisor of q and 6?
6
Suppose -w + 8 = w. Suppose -4*m = -w, 5*m = l - 0*l - 4. What is the highest common factor of 36 and l?
9
Let r(v) = -2*v**2 + 5*v - 3. Let t be r(4). Let p = t + -24. Let i = p - -84. What is the greatest common factor of i and 5?
5
Let x(q) = -q + 3. Let m be x(-3). Let a = 13 - 9. Suppose y + 2*p = 14, 2*y = 2*p + 2*p - a. Calculate the highest common divisor of m and y.
6
Let l be 2/(-7) + 4/14. Let f(b) = -b + 20. Let p be f(14). Let q be l*1/3 + p. What is the highest common factor of q and 60?
6
Let o(y) = -y**2 + 8*y + 3. Let n be o(6). Suppose -5*k = -6*k + 13. Suppose -k = -2*j - 1. Calculate the greatest common factor of j and n.
3
Let l = 36 + -18. What is the highest common factor of l and 2?
2
Let p(z) = z**3 + 4*z**2 - 6*z - 4. Let w be p(-5). Let j(n) = 16*n**2 + n - 1. Let u be j(w). What is the greatest common divisor of 24 and u?
8
Let p(q) = q + 10. Suppose 0 = r - 3*r. Let z be p(r). Suppose -c = -0*c - 15. What is the greatest common divisor of z and c?
5
Let y = -13 - -23. Let s(n) be the first derivative of n**3/3 + 4*n**2 + 10*n + 1. Let x be s(y). Calculate the greatest common divisor of 19 and x.
19
Suppose 377 = 3*d + 3*h - h, -3*h = d - 128. Let t = 171 + -121. Calculate the greatest common factor of d and t.
25
Suppose p = -2*s + 44, -4*p + 24 + 172 = -2*s. Let c(j) = 5*j - 3. Let x be c(4). Suppose -4*g + x = -7. What is the greatest common factor of g and p?
6
Suppose 0 = -5*s + 4*v + 5, -4*v + 3 = 2*s - 27. Suppose -4*p + 3 = -s. What is the highest common divisor of 1 and p?
1
Let x(t) = t**2 + 7*t + 10. Let r be x(-7). What is the greatest common divisor of 50 and r?
10
Let t = -56 + 309. Calculate the highest common factor of t and 23.
23
Let q(v) be the first derivative of 21*v**2 - 3. Let j be q(1). Calculate the highest common factor of j and 7.
7
Let v be 15/2 + (-1)/(-2). Suppose -3 = -5*t + 2. Suppose 4*h - 5 = -t. What is the highest common factor of v and h?
1
Let s = 136 - 4. Calculate the greatest common divisor of 12 and s.
12
Let g(t) = -1 + t + 1 + 4*t**2. Let c be g(1). Let y = 126 + -81. What is the greatest common divisor of y and c?
5
Suppose d - 75 = -4*q + 40, -3*d - 131 = -5*q. Let p(l) = -5*l - 1. Let z be p(-3). Calculate the highest common factor of z and q.
14
Let s be (3 - 2)*(-3 - -21). Let l = s + -14. Let p = 5 + -1. Calculate the greatest common divisor of l and p.
4
Let g(c) = -c**3 - 7*c**2 - 14*c - 3. Let z be g(-6). What is the highest common divisor of z and 180?
45
Let b be 312*-1*6/(-12). Calculate the highest common divisor of 26 and b.
26
Let y(n) = -n**3 - 12*n**2 - 11*n + 11. Let h be y(-11). What is the highest common factor of 1 and h?
1
Let l be ((-12)/18)/((-2)/72). Let h = l - 8. What is the highest common factor of h and 8?
8
Suppose 7*d - 8*d + 12 = 0. Calculate the highest common factor of d and 60.
12
Let s = 6 + -5. Suppose -2*f - 5*t = -23, 25 + s = 3*f - t. What is the highest common divisor of 18 and f?
9
Let n be (-1)/(-2) + (-711)/(-6). Calculate the highest common factor of n and 17.
17
Let h(j) = -2*j - 6. Suppose 0 = -5*r + 2 - 22. Let w be h(r). Let k = 4 - w. Calculate the highest common factor of 2 and k.
2
Let r(w) = -w - 7. Let c be r(-12). What is the greatest common divisor of c and 25?
5
Suppose 2*j = 3*j - 2. Calculate the greatest common divisor of 6 and j.
2
Suppose -5*f + 30 = 4*b, -b = 2*b + 2*f - 26. What is the highest common divisor of 50 and b?
10
Let v be -5 + 1 + 37 + -2. What is the greatest common divisor of 93 and v?
31
Let a = 16 + 4. What is the highest common factor of a and 4?
4
Let k = -107 + 71. Let s = 60 + k. Calculate the highest common divisor of 216 and s.
24
Let a = 5 + -3. Suppose a*k - 2 = 20. Suppose -2*w + 4*f + 170 = 0, 0 = 2*w - w + 3*f - 65. What is the highest common factor of w and k?
11
Let y be (-2)/(25/(-24) - -1). Suppose -5*u - 6*u + 352 = 0. Calculate the greatest common factor of y and u.
16
Let a(d) = -8*d + 1. Let g(n) = -2*n - 7. Let t be g(-3). Let r be a(t). Suppose 16 = 4*f + 4, -3*l + 93 = 4*f. What is the highest common divisor of r and l?
9
Let m(j) = j**3 - 10*j**2 - 10*j - 8. Let d be m(11). Let x be ((-60)/(-16) - 3)*8. Calculate the highest common divisor of d and x.
3
Suppose 0 = -4*w + 28 - 4. Let u(x) = 1 - 1 + 4*x. Let y be u(w). What is the greatest common divisor of 3 and y?
3
Suppose 11*d - 40 = 290. Calculate the highest common divisor of 6 and d.
6
Let d(g) = -g**3 - 9*g**2 - 8*g - 5. Let f be d(-5). Let q be f/(-10) + 1/(-2). What is the highest common factor of q and 24?
6
Suppose 2*y + 9 = 3*m + 3*y, 4*m + 5*y - 12 = 0. Suppose -m*n = 24 - 354. Let f be 2 + (0 - (-7 - 1)). Calculate the greatest common factor of n and f.
10
Let y = 24 + -21. Let t be 2 - (1 - 2 - 35). Suppose 2 = -3*d + t. Calculate the highest common factor of y and d.
3
Let n be 2/((-8)/(-68)) + -2. Let u = 21 - n. What is the highest common factor of 6 and u?
6
Let c = 43 - 1. Suppose -b = 4*w - c - 75, 4*w - 129 = 3*b. What is the greatest common divisor of 90 and w?
30
Let i = -2 + 4. Suppose -i*l = l - 198. What is the highest common factor of l and 6?
6
Let u(x) = x**3 + 8*x**2 + 8*x + 9. Let v be u(-7). Suppose 7*c - 85 = v*c. Calculate the greatest common factor of 153 and c.
17
Suppose -4*u + u = -24. What is the highest common factor of 20 and u?
4
Let g = 19 + -14. Calculate the greatest common divisor of g and 2.
1
Let w(c) = c**2 - c + 1. Let s be w(3). Let l = 94 - 59. Calculate the highest common factor of l and s.
7
Suppose -5*k = -5*n - k + 140, 112 = 4*n + k. Let j = 9 + -17. Let g be 175/(-2)*j/10. Calculate the greatest common divisor of n and g.
14
Let v = 5 - 1. What is the highest common divisor of 36 and v?
4
Suppose y + 7 = 2*n, -2*n - 2*n = 2*y - 10. Suppose n*u = d - 19, d - 4*d + 45 = -5*u. Calculate the highest common divisor of 4 and d.
2
Let n(c) = -2*c - 5. Let k be n(-4). Let y = k - 1. Let q be 2/(-2) - 2*-3. Calculate the greatest common divisor of q and y.
1
Let v = 31 - 27. Let i be (1 - 2)/(v